.
2, 3, 7
Let j(a) = -a**3 - 7*a**2 + a + 7. Let y be j(-7). Suppose y = -r + 15 + 63. Suppose 138 = s + r. What are the prime factors of s?
2, 3, 5
Let y = 3943 + -2427. List the prime factors of y.
2, 379
Suppose 3*b + 10 = -8. Suppose m = 2*o + 4, -14 = -2*o + 8*m - 10*m. List the prime factors of (3/2)/(b/(-716)) - o.
2, 89
What are the prime factors of ((-2)/(-6))/((-28)/(-882))*(2109 - 25)?
2, 3, 7, 521
Let r(c) = 10*c - 12. Let v be ((168/9)/7)/((-4)/(-66)). Suppose -3*j + 7*j - 2*y = v, -3*y + 15 = 3*j. What are the prime factors of r(j)?
2, 3, 13
Suppose -16596 = -3*s - 5*l, 4*s - 2*s - 11039 = 5*l. What are the prime factors of s?
5527
Let r(g) = g**3 - 17*g**2 + 2*g - 35. Let o be r(17). Let y be (-4)/(-10) - (-111)/(-15). Let z = o - y. List the prime factors of z.
2, 3
Let s = 47 + -33. Suppose 6*g - s = -2. Suppose y + g*y - 255 = 0. List the prime factors of y.
5, 17
Suppose -35927 = -50*u + 509373. List the prime factors of u.
2, 7, 19, 41
Suppose -5*h = -3*m - 7, -5*h + 2 = -5*m - 3. Suppose -3*u = h*r - r - 26, -u = -r - 6. Suppose 695 = 5*j + 4*p - 9*p, 2*p = -u. List the prime factors of j.
3, 5
Let g be 0/1 - 17/(85/(-10)). List the prime factors of (0 + 2)/g - -256.
257
Let v(i) = 2*i - 104. Let c be v(-8). List the prime factors of (248/20)/((-16)/c).
3, 31
List the prime factors of 15494 + 5 + (5 - -6 - 21).
3, 1721
Let b(n) = 6156*n**2 - 3*n + 5. List the prime factors of b(1).
2, 3079
Suppose -3*r = -674 + 206. Suppose -5*l + 57 = w, -l - r = -2*w + 3*l. List the prime factors of w.
2, 3
Let k be 14/4 - ((-7)/2 - -4). Let f be (k/4)/((-13)/52). What are the prime factors of (f/12*2)/((-9)/1026)?
3, 19
Suppose 4*s - 6*s + 6 = 2*l, 3*s - 5*l + 23 = 0. Let w(p) = -509*p + 10. What are the prime factors of w(s)?
3, 173
Let r(y) = -17 + 7*y - 17 + 36 + 14*y**2. List the prime factors of r(-9).
29, 37
Let c = 300 + -297. Suppose 0 = 5*l + c*s - 1000, 4*s - 2*s + 187 = l. What are the prime factors of l?
197
Let m(o) be the third derivative of 35*o**4/24 - 73*o**3/6 - 31*o**2. List the prime factors of m(7).
2, 43
Let c = 40698 - 35543. What are the prime factors of c?
5, 1031
Let f = -60 - -64. Let q(r) = 9*r**2 + 4*r + 1. Let j be q(f). What are the prime factors of -1 + (-5)/(-7) + 11960/j?
2, 37
Suppose m + 35577 + 93193 = 5*v, 2*v = -5*m + 51508. List the prime factors of v.
2, 79, 163
Suppose -3*r = -5*o + 2*o - 66, -3*o = -2*r + 46. Suppose -5*p = -5*v - 7*p + 1222, 0 = 5*p + r. What are the prime factors of v?
2, 3, 41
Suppose -6*v + 4*v + 14947 = 5*b, -b + 2988 = -v. Suppose 5*u + b = -8*g + 11*g, 3*g - 3*u - 2979 = 0. List the prime factors of g.
2, 13, 19
Let t(l) = -3*l - 20. Let n be t(-9). Suppose 3*f - 9*r + n*r - 687 = 0, 5*f + r - 1145 = 0. What are the prime factors of f?
229
Suppose -524430 = 314*o - 329*o. List the prime factors of o.
2, 3, 5827
Suppose -40*j - 59*j = -450747. What are the prime factors of j?
29, 157
Let l(z) = -z**2 + 6*z + 1. Let p be l(7). Let b(d) = -2*d**3 - 9*d + 2 - 6 - 3*d**2 + d**3 - 5. List the prime factors of b(p).
3, 17
What are the prime factors of (-1 + 3)/((-7)/(547890/(-391362)) + -5)?
5, 2609
Suppose 26421 = 26*k - 173311. What are the prime factors of k?
2, 23, 167
Let v = -183 - -353. Suppose 256 + v = q. What are the prime factors of q?
2, 3, 71
Suppose 3*q + 961*d - 957*d - 48457 = 0, -2*q = -3*d - 32333. What are the prime factors of q?
11, 13, 113
Let g(r) = 3*r**2 + 5*r + 2. Let f be g(-1). Let o be (231/14)/((-3)/(-32)). Suppose 4*k - 10 = -2*i + o, f = 2*k - 5*i - 75. List the prime factors of k.
3, 5
Let z = 46 - 27. Suppose 230 = z*f - 14*f. Suppose -f - 155 = -3*b. What are the prime factors of b?
67
Let w = 25 + -18. Let o(u) = -4*u + 20. Let f be o(w). Let k(z) = -25*z - 3. List the prime factors of k(f).
197
Suppose 0 = 5*q + 10, 0 = 2*j - q - 36 - 2. Let r be 1 - ((-2)/12 - (-21)/j). What are the prime factors of (-3)/1 - 364/(r - 4)?
2, 11
Let c = -4302 - -11630. List the prime factors of c.
2, 229
Suppose 46*a - 399168 - 340686 = 47804. List the prime factors of a.
17123
Suppose 7*r - 9*r = -r - 8510. List the prime factors of r.
2, 5, 23, 37
Let k(q) = -201*q - 2313. List the prime factors of k(-33).
2, 3, 5
Suppose -40*a + 402115 = -374004 + 33119. List the prime factors of a.
5, 743
Let w(q) = q**3 - 34*q**2 + 64*q + 155. List the prime factors of w(39).
2, 641
Suppose -31*i + 120207 = -5033. List the prime factors of i.
2, 5, 101
List the prime factors of 72/72*586/2.
293
Suppose -4*f = 2*n, 5*f + 10 = -0*f - 5*n. Let p(m) = 4*m**f + 3*m - 24*m**3 - 10*m**3 - 1 + 9*m**3. What are the prime factors of p(-2)?
11, 19
Let v = -51 + 49. What are the prime factors of (-2)/v - (13 - 194)?
2, 7, 13
Let s be (-7)/2*16/(-28) + -8. Let y be (60/55)/s - (-6538)/22. What are the prime factors of y/2 + 1/2?
149
Let r(s) = -s**2 + 10*s - 9. Suppose 0 = 3*d - 4*l - 26, -5*d - 2*l = -3*d - 8. Let u be r(d). What are the prime factors of (u - 2) + (-2 - 2/(-2))?
2, 3
Suppose -3*j = c - j + 298, -c - j - 293 = 0. Let m = 515 + c. Let g = m + -2. List the prime factors of g.
3, 5
Let n be (-3 - 0) + 82/2. List the prime factors of 2*-1 - (-243 + n).
7, 29
Let f(o) = 14*o - 14. Let c be f(1). Suppose u = -2*h + 583, c = 5*u - 2 + 7. What are the prime factors of h?
2, 73
Suppose 48 = 8*r + 4*r. What are the prime factors of (126/30)/(r/520)?
2, 3, 7, 13
Suppose -117449 = 18*q - 790487. List the prime factors of q.
139, 269
Suppose 3*f + 0 = -6, 2*f = 4*b + 1124. What are the prime factors of 3/(-4)*(2 + b)?
2, 3, 5, 7
Let q = 16417 + -742. What are the prime factors of q?
3, 5, 11, 19
Let m(f) = -8*f - 9. Let n be m(-21). Let y = -63 + n. Let i = y + -47. List the prime factors of i.
7
Let i(x) = 407*x**2 + 1227*x + 26. What are the prime factors of i(10)?
2, 13249
Suppose 2457*d - 58350 = 2407*d. List the prime factors of d.
3, 389
Suppose 4*v + 2876 = 4*m, -3*m = -v - 0*v - 2167. Suppose m = 27*d - 23*d. List the prime factors of d + (-1)/(3/(-6)).
3, 61
Let c = -32 - -27. Let u(i) be the third derivative of i**5/20 - i**4/6 - 2*i**3 - 4*i**2. List the prime factors of u(c).
83
Suppose -9*t + 8*t + 9 = -5*l, -4*l - 3*t - 11 = 0. Suppose g = -2*g + 3*u - 66, 3*g + 5*u = -50. Let f = l - g. List the prime factors of f.
2, 3
Let f(a) = -2*a**3 + 20*a**2 + 4*a + 9. Let j(n) = -n**3 + n**2 + n + 1. Let w(y) = f(y) - 3*j(y). What are the prime factors of w(-14)?
2, 5, 29
Let m(d) = -529 - 44*d - 54*d + 182. List the prime factors of m(-13).
3, 103
Let v = 16 + -21. Let x(b) = -8*b**2 - 9*b - 21. Let n(y) = -8*y**2 - 9*y - 20. Let u(j) = v*n(j) + 4*x(j). List the prime factors of u(-5).
3, 19
Suppose -3*u - 16 = -4*l, -2*l + 19 = -l + 3*u. Let r be (-3)/(l/(9520/(-15))). What are the prime factors of (2*r)/4 - 2?
2, 67
What are the prime factors of 2552 + (-9*(-182)/189 - (-10)/(-6))?
3, 853
Let c(h) = -5*h + 1908. Let w(l) = -l. Let g(k) = c(k) + 6*w(k). List the prime factors of g(0).
2, 3, 53
Suppose 4*x + 49356 = 4*x + 4*x. What are the prime factors of x?
3, 457
Let z = -45908 - -71920. What are the prime factors of z?
2, 7, 929
Let d = 12003 - 10739. What are the prime factors of d?
2, 79
Suppose -182*l = -482171 - 204515. List the prime factors of l.
7, 11
Suppose -6*y - 20230 = -0*y - 13*y. What are the prime factors of y?
2, 5, 17
Let u(d) be the third derivative of -49*d**4/24 - 65*d**3/6 - 6*d**2 - 13*d. What are the prime factors of u(-21)?
2, 241
Let t = 211 - 207. Suppose -i = -t*m - 404, -3*i + 1212 = -0*i - 5*m. What are the prime factors of i?
2, 101
Let y(h) = 235*h**2 - 186*h + 13. List the prime factors of y(-11).
2, 79, 193
Suppose -2*g + 41737 = 3*m - 10157, 4*m - 69164 = 2*g. What are the prime factors of m?
2, 8647
Suppose 3 = c + 6. Let t(m) = 4*m + 12*m**2 + 2218 - 2214 + m. List the prime factors of t(c).
97
Let b = -75662 - -120010. List the prime factors of b.
2, 11087
Suppose 5*d = -3*f + 24664, 70*f - 66*f = -8. List the prime factors of d.
2, 2467
List the prime factors of (3*(-4)/6)/((-508)/1058926).
11, 379
Let n(t) = -t**2 - 5*t + 17. Let k be n(-7). Suppose -3*w + 654 = -6*w + k*d, -4*w + 3*d = 872. Let q = -142 - w. List the prime factors of q.
2, 19
Let m(h) = 85*h. Let c(z) = 12070*z. Let b(x) = -6*c(x) + 850*m(x). Let f be b(-2). 